-34*2. Calculate the highest common divisor of q and 1139.
17
Suppose 15*y = 21*y + 60. Let t be 1449/(-18) + (3 - y/(-4)). Let p = -75 - t. Calculate the greatest common divisor of p and 5.
5
Let j be (-3)/15 - (-3616)/(-20). Let d = -178 - j. Let l be (-1 - (-8 - -1))*2. What is the highest common divisor of d and l?
3
Let p(i) = 2*i**2 + 368*i + 5992. Let l be p(-16). Let r(v) = 55*v + 1. Let t be r(1). Calculate the highest common divisor of t and l.
56
Let z(r) = r**3 + 7*r**2 - 14*r - 20. Let v be z(-8). Calculate the highest common factor of 7028 and v.
28
Let p(u) be the first derivative of 19*u**2/2 - 4*u + 2. Let g be p(4). Suppose 2679 - 2211 = 363*y - 6066. What is the greatest common divisor of g and y?
18
Suppose -6*v = 3*a - 2745, -283*a + 282*a + v + 933 = 0. Calculate the greatest common divisor of a and 36.
9
Let s = 620922 + -620896. Let b be (-26)/(-1*2)*27. Calculate the highest common divisor of s and b.
13
Let m be (30 + -21)/(-2 + (-177)/(-84)). Calculate the highest common factor of 144 and m.
12
Let a = 29101 - 27149. Calculate the highest common factor of 160 and a.
32
Let d = 31 - 57. Let i = d + 104. Suppose i + 50 = o. Calculate the greatest common factor of 16 and o.
16
Let q be 4/(-14) - 160/(-70). Let m(h) = 6*h**2 - 4*h. Let y be m(q). Let j = 460 + -396. What is the greatest common divisor of j and y?
16
Suppose -5*x = -4*x + 46. Let p = 145 + x. Let t be (-8)/(-6)*(p - -6). What is the highest common divisor of 20 and t?
20
Let x be -14 - (-369 + -11 + 15). What is the greatest common divisor of 65 and x?
13
Let a be (-2 + (5 - (-1)/(-1)))/(-2). Let d be -4 - 17/34*64/a. What is the greatest common divisor of 756 and d?
28
Let o(y) = -y - 22. Let b be o(-21). Let f be (-165)/(-44) - (b - 6/(-8)). Let x be (-52)/(-12) - f/(-6) - 1. What is the greatest common factor of 6 and x?
2
Let a(r) = 3*r**2 - 71*r - 32. Let o be a(23). Suppose 22 + 38 = 3*j. Let u = j - o. Calculate the greatest common divisor of u and 14.
14
Suppose 2*l = 0, -6*x + 3*l + 48 = -5*x. Suppose -47*b - x = -63*b. What is the greatest common divisor of 10 and b?
1
Suppose y = 2*a + 758, -3*a = 26*y - 27*y + 753. What is the highest common divisor of 736 and y?
32
Let q = 204 - 68. Let i be -6 + (1/(-5) - 580/(-25)). What is the greatest common factor of i and q?
17
Suppose 0 = 42*n + 53*n - 655577 - 185648. Calculate the highest common divisor of n and 322.
161
Suppose -100 - 120 = 5*j. Let h be j/55 + 68/10. Suppose -60*w + 55*w + 10 = 0. Calculate the highest common divisor of h and w.
2
Let h(l) = l**2 + 395*l + 5014. Let k be h(-13). Let o(r) = -r**3 - 4*r**2 - 1. Let u be o(-5). What is the highest common factor of k and u?
24
Let n(k) = -169*k - 1176. Let f be n(-20). What is the highest common factor of f and 116?
116
Let o = 64 - 63. Let q be (-3)/(-6) + o + 5/(-2). Let h be (-2 + (-5 - 5))/(q - 0). What is the greatest common factor of h and 60?
12
Let p(q) = -4*q**2 + 5*q + 6. Let b be p(-4). Let n(r) = 4*r**2 - 17*r + 67. Let a be n(5). Let g = b + a. Calculate the highest common factor of 20 and g.
4
Suppose y + 57 = -d, 181 - 13 = -3*d - 4*y. Let p = 208 + d. What is the highest common factor of 37 and p?
37
Suppose -3*p + 55 + 5 = 0. Suppose 0 = -4*g - 2*t + 362, 346 + 100 = 5*g - 4*t. What is the greatest common factor of g and p?
10
Let b be (4 + (-3)/((-84)/(-100)))*7. Suppose -22 = b*g + 275. Let s be -3*(-11)/(g/(-84)). What is the highest common factor of 70 and s?
14
Suppose 252*p = -28*p - 166*p + 446. Calculate the highest common divisor of p and 369.
1
Suppose 2041*c - 266112 = 2019*c. What is the highest common divisor of c and 36?
36
Suppose -g = 4, -5*g + 378 - 1430 = -3*i. Calculate the greatest common factor of i and 2107.
43
Let r = 27 + -26. Let c be r/(((-20)/165)/(-4)). Suppose -3*n = -4*n + c. Calculate the greatest common factor of 11 and n.
11
Let z = -1068 + 1605. Let y be (-3)/20*-5 - z/(-4). Calculate the greatest common factor of 225 and y.
45
Suppose -5*g + 5*i = -1109 - 1516, 0 = 2*g + 4*i - 1050. What is the highest common divisor of g and 75?
75
Suppose 0 = 1002*o - 1014*o + 1500. What is the greatest common divisor of 4625 and o?
125
Let h(l) = l**2 + 45*l + 20. Let u be h(-10). Let m = u + 512. Calculate the greatest common divisor of m and 7.
7
Let d(k) = -3*k - 15. Let t(x) = -12*x - 61. Let z(s) = 26*d(s) - 6*t(s). Let i be z(-8). What is the greatest common divisor of i and 18?
6
Let j(g) = g**3 + 64*g**2 + 99*g + 2323. Let w be j(-63). Calculate the greatest common factor of w and 2255.
55
Let i = -27 - -54. Let v = i - 32. Let b be v/(2*(-1)/4). What is the highest common factor of 10 and b?
10
Let s(r) = -r**3 + 30*r**2 + 74*r - 293. Let g be s(32). What is the highest common divisor of 4239 and g?
27
Let p be ((-21)/(-15))/((0 - 2)/(-10)). Let t(a) = -12*a + 100. Let y be t(p). Calculate the highest common divisor of 136 and y.
8
Suppose -5*j = -i - 272 - 330, 0 = -j + i + 122. Let x be 48/(-176) - 26277/(-33). Let o = 811 - x. What is the highest common divisor of o and j?
15
Let q be ((-30)/120)/((-1)/788). Suppose 15*i + 47 = q. What is the greatest common divisor of i and 15?
5
Let d(x) = -x**3 - 4*x**2 + 7*x - 13. Let p be d(-8). Suppose 888 = 15*v + 228. What is the greatest common divisor of p and v?
11
Suppose 3*r - 9 = 2*j, 0 = -5*r - 3*j - 4. Let v be r + 49 + (-1 - -3). Calculate the highest common factor of 182 and v.
26
Suppose 0 = t + 4*a + 794, 7*t = 4*t - 4*a - 2358. Let c = -770 - t. Let q be (3/(-2))/(2/(-272)). What is the highest common divisor of q and c?
12
Let z(l) = -88*l - 948. Let u be z(-11). What is the highest common factor of u and 9140?
20
Let w be -39*6*801/(-18)*1. Calculate the greatest common divisor of w and 13.
13
Let p be (1 + -3)*-1 + 47/(940/240). What is the highest common factor of p and 10633?
7
Suppose -5*a = -5*h + 20, -2*h + 23 = 2*h + 3*a. Let l = 284 + -266. Suppose 4*g - 4 = -k + l, -h*g + 94 = 3*k. What is the greatest common divisor of 38 and k?
38
Suppose 176*t - 177*t = k - 72, 0 = -3*t + 5*k + 144. Let j be 7/(((-3)/189)/(-1)). Calculate the highest common factor of t and j.
63
Let j(g) = 807*g + 4211. Let x be j(-5). Calculate the greatest common divisor of x and 41360.
176
Let u = 5992 - 5965. Calculate the highest common divisor of 4563 and u.
27
Let b = 21229 + -20872. What is the highest common divisor of b and 343?
7
Let i = 2007 - 1986. Calculate the highest common divisor of 861 and i.
21
Suppose 0 = m + 3*m - a - 14, -3*m - 3*a = -3. Suppose m*u + 550 = 8*u. Calculate the greatest common divisor of 22 and u.
22
Suppose -d + 5915 = 4*d. Calculate the highest common factor of d and 91.
91
Suppose 3*w - 18 = 0, 0 = -2*k - 2*w + 794 - 254. Calculate the greatest common factor of k and 957.
33
Let b = 869 - 868. Calculate the highest common divisor of b and 211.
1
Let z(u) = 486*u - 1557. Let s be z(6). What is the highest common factor of s and 144?
9
Suppose 3*v = 5*z + 3 - 18, -5*v - 9 = -3*z. Suppose -4*i - n = -5*i + 31, -4*i + n + 136 = v. What is the highest common factor of i and 28?
7
Let l be (-57)/(4 + 53/(-13)). Let p be 10/(-35) - l/(-21). Let t = p - 29. What is the highest common divisor of 6 and t?
6
Let w = 73858 - 47901. Calculate the highest common factor of w and 101.
101
Let d be -10 - (0 + -7) - (-4 - 441). Calculate the greatest common factor of d and 351.
13
Let o be (-6)/18 + (70/21 - 2). Calculate the greatest common divisor of o and 53.
1
Let z(g) = -5*g + 1. Let u be z(4). Let s be 64 + u + 8/2. What is the greatest common divisor of 7 and s?
7
Let n be (-1)/((-3)/78) + 5 - 1. Suppose -4*b + 42 = -30. Suppose -q = 2*q - b. What is the greatest common factor of n and q?
6
Let t(o) = 8*o**2 - 10*o + 16. Let a be t(5). Let d = a + -96. Let j(f) = 7*f - 7. Let i be j(5). Calculate the highest common factor of i and d.
14
Let t be ((-45)/(16 - -29))/((-2)/7102). What is the highest common factor of t and 1005?
67
Let m(x) = -141*x - 1374. Let w be m(-10). Calculate the highest common factor of 3108 and w.
12
Let c = 10304 - 7792. Calculate the highest common divisor of c and 64.
16
Let o = -4239 - -7642. What is the greatest common factor of o and 41?
41
Suppose 4*l - j = 69 + 448, -2*j = -4*l + 514. Su